h**2 - 7*h + 12. Let y be o(6). Suppose 0*l + y*l - p = 0. Is l composite?
True
Is ((-14 + -172198)/12)/(-1) a composite number?
True
Suppose 428*u - 391*u = 930439. Is u a composite number?
False
Suppose -675*k + 690*k - 2374215 = 0. Is k a composite number?
True
Let j(u) = u**3 - u**2 + 2*u - 3. Let r be j(2). Suppose -r*p - 6198 = -q, 0*p + q - 3720 = 3*p. Let i = 1766 + p. Is i a composite number?
True
Is 169/(-65) + (-571508)/(-5) a composite number?
False
Suppose 4*u - 2*u = 44006. Let r = 31652 - u. Is r composite?
False
Let m = 61 + -90. Is (32 + m)*(-4742)/(-6) a composite number?
False
Let v = -942059 + 1748026. Is v prime?
True
Let o(k) = -18*k - 3. Let q be o(-1). Let g be q/(1 - 6) + 7. Suppose -863 = -g*d + 365. Is d a composite number?
False
Is -1*8 - ((93021/(-1) - -16) + 10) prime?
True
Let s(o) = 24 + 18*o**2 - 28 - 55 + 18*o. Is s(-22) composite?
True
Suppose 0 = m - 2*s - 15, -3*m - 3 + 21 = 3*s. Suppose -3*a - 3 - 48 = 4*j, -3*j = m. Let w(t) = 7*t**2 - 5*t + 15. Is w(a) prime?
False
Suppose 0 = 5*x - 1829 + 1809. Suppose -x*s + 8087 + 1644 = -5*a, 5*a = -2*s + 4843. Is s a prime number?
False
Suppose 58*v + 189*v - 965029 = 0. Is v composite?
False
Let f = 15655 + 5181. Suppose -4*c + 10*a - 8*a + f = 0, -2*c = -5*a - 10418. Is c a composite number?
False
Suppose -203904 - 563474 = -86*j. Is j a composite number?
False
Suppose 0 = 37*p - 32*p + 195055. Let h = p + 55402. Is h a prime number?
False
Let i = -7094 - -2663. Let k = 2281 + i. Is 1 + 3/((-15)/k) composite?
False
Suppose 4*v + 12 = 44. Let m(h) = h**2 - 7 + h**2 + 14 + 15*h - h**2. Is m(v) prime?
True
Suppose -2*f + 1578 = -f. Let n be (-17897)/(-44) - 2/(-8). Suppose f + n = 5*o. Is o a prime number?
True
Let h(o) = 7703*o - 1753. Is h(4) prime?
True
Suppose -j = -3*l + 11, 42*l - 38*l = 5*j + 33. Is 17558/2 - (j - 2 - -5) a composite number?
True
Let q(r) be the third derivative of r**6/60 + 7*r**5/20 - r**4/2 - 4*r**3/3 + 37*r**2. Let p be q(-11). Is p/(6/2) - (-290 - 2) composite?
False
Let y(u) = -10*u**3 - 8*u**2 - u + 11. Let f be 12/5*260/(-104). Is y(f) prime?
True
Suppose 91*p - 171*p = -90080. Is p composite?
True
Let f = -20236 + 31692. Suppose 0 = -14*k + 10146 + f. Is k composite?
False
Let i(x) = 2*x + 31 - 49*x - 10*x + 10*x - 29*x. Is i(-18) composite?
False
Suppose p + 5 = 0, 3*r + 2*r - 14125 = 4*p. Suppose -24325 = -5*c - 5*n, 0 = -c + 2*n + 7674 - r. Is c composite?
False
Suppose -4*m - 6*y + 7*y = -15146, 4*y = 2*m - 7566. Is m composite?
True
Suppose w = 5*c - 197, -5*w - 833 = -w - 5*c. Let d be (12/4 + w/(-8))*86. Suppose d = -3*z + 7508. Is z a prime number?
True
Suppose 4*i - 3*i + 50 = 0. Let s be ((-16570)/i)/(1/5). Let h = -186 + s. Is h composite?
False
Suppose -990816 = -2*w + k + 344641, -3*w + 2003191 = 4*k. Is w prime?
False
Let i(l) = -l**3 - 33*l**2 - 31*l + 37. Let v be i(-32). Suppose v*t - b - 1482 - 4066 = 0, -t + 3*b = -1118. Is t a prime number?
True
Suppose 333913 = 22*m - 20*m + 3*c, 4*m - c - 667819 = 0. Is m prime?
False
Suppose 13*a - 8*a = 30. Let u(i) = 125*i + 11. Let o be u(a). Suppose 3*j = -4*q + o + 2484, -j - 1615 = -2*q. Is q a prime number?
True
Let g = 6547 + -3569. Suppose 0 = -2*v - g + 10956. Is v a composite number?
False
Let v(f) = f**3 - 15*f - 6. Let z be v(-3). Suppose -p - w = -9586, -2*p - z*w + 7*w + 19169 = 0. Is p a prime number?
True
Let n be 324/396 + (-4)/(-22). Is (-8)/(-16)*17438*n a composite number?
False
Let n = 108 - 110. Is (n + 1)/(8/(-3736)) composite?
False
Suppose 0 = 3*q - 2*j + 1208, 347 = -3*q - 4*j - 855. Let l = -2398 + 3519. Let v = l + q. Is v a composite number?
False
Let f = 9588 + 3475. Is f a composite number?
False
Let v be -29115*(504/40)/(-7). Suppose -v = -10*y - 17*y. Is y composite?
True
Let f = -245 + 164. Let h = f - -104. Suppose h*c - 24*c = -57. Is c a composite number?
True
Let u be -1 + -9 + -1 - (9 + -8). Let c(n) = -n**2 - 13*n - 4. Let g be c(u). Suppose 2*b - g*b = -6486. Is b composite?
True
Suppose -4*y - 2*i = -105094, 4*i = 4*y + i - 105079. Suppose 9308 = 12*f - y. Suppose 4*x = 3*v - 4*v + 999, 3*v - f = -4*x. Is v composite?
False
Let h be (-32)/(-10) - (-4 - (-126)/30). Let r(i) = 1021*i + 142. Is r(h) prime?
False
Suppose 5952591 + 648391 - 994955 = 7*s. Is s prime?
True
Let p(j) = 13*j**2 + 52*j + 891. Is p(-44) composite?
True
Suppose 152073 = 3*g - 5*s, 10*s = 3*g + 7*s - 152067. Suppose 11*y = -14397 + g. Is y composite?
False
Let y = 42 - 34. Suppose -y*v + 12 = -4. Suppose 1 - 3 = v*m, -2*l + 2424 = 2*m. Is l prime?
True
Let c(a) = 14*a**3 - 6*a**2 - 225*a + 52. Is c(25) a prime number?
False
Let h(x) = 2800*x**2 - 5938*x - 23. Is h(-33) a prime number?
True
Let v(k) = -18*k**2 - 1520*k + 27. Is v(-76) composite?
False
Let v be (-9 - -10)/(2/6). Suppose 2*u - 16675 = -v*p, u = 4*u - 6. Is p a composite number?
False
Let b = 16637 + 2646. Is b composite?
True
Suppose -2*s + 21 = -1. Let n(l) = -16*l**2 - 2*l - 14. Let i(b) = 11*b**2 + 2*b + 10. Let q(h) = -7*i(h) - 5*n(h). Is q(s) a prime number?
False
Suppose 67691 = 15*w - 16984. Let p = -2496 + w. Is p prime?
False
Suppose -79*i = 103*i - 51*i - 19609259. Is i a prime number?
True
Suppose -1783*o + 65425345 = -1752*o. Is o prime?
False
Suppose -2*x = 5*d - 0*d - 1788839, 0 = 3*d - x - 1073299. Is d a prime number?
True
Is (5*-1 + 5986458/126)*294/84 a composite number?
False
Let a be 80 + 1 + (4 - 0). Suppose -x = -3*x - 2*s + 80, -2*x + 76 = -2*s. Let b = a - x. Is b a composite number?
True
Let r = -57992 - -286069. Is r prime?
True
Suppose 2*k - 12 = -0*k - 2*u, -2*k + 12 = 5*u. Suppose x + k*x = 75607. Suppose -x = -10*h + 3*h. Is h composite?
False
Suppose 78*f + 80*f - 31548855 = 30765871. Is f prime?
False
Let z = 718 + -714. Suppose -2*i + z*q = -19318, 0 = -2*i + 3*q + 10309 + 9009. Is i composite?
True
Is 2/(-10)*-5*(199314 - (5 - 4)) a prime number?
True
Suppose 1312361 + 613411 = 12*x. Is x prime?
True
Suppose -1287 = 15*q - 342. Is 299319/63 + 6/q a composite number?
False
Let n = -103 - -153. Let p = -48 + n. Suppose 6*k - 11804 = p*k. Is k composite?
True
Suppose -q - 186572 = -3*a, -3*q + 65417 + 58946 = 2*a. Is a prime?
True
Let j be (2/5)/((-12)/(-180)). Let u(w) = -w**3 + 6*w**2 - 4*w + 28. Let v be u(j). Suppose v*l + 3908 = 8*l. Is l prime?
True
Let i(p) be the third derivative of p**5/30 - p**4/8 + 5*p**3/6 + 11*p**2. Let j be i(2). Is (42224/12)/j - 3/(-9) a prime number?
True
Suppose 0 = 3*z + 3*f - 271902, 4*z + 79*f - 74*f = 362529. Is z a composite number?
False
Let o(h) = h**3 - h**2 + 1. Let j(w) = 77*w**3 + 3*w**2 + 3*w + 1. Let i(s) = -j(s) + 5*o(s). Is i(-5) composite?
False
Suppose -14*z = -9*z - 73440. Suppose -z = 10*d - 12*d + u, -2*d - 5*u = -14676. Is d a prime number?
False
Let j(p) = -454*p + 43157. Is j(0) a composite number?
True
Let p(k) = -8969*k + 1514. Is p(-17) prime?
False
Let q be ((-105)/(-10) - 11)/(2/32). Is -1*4 + q + 3175 a composite number?
False
Let l be (6 - 0) + -4 + (-4)/(-2). Suppose 0 = -l*k + 5*k - 12. Let m(s) = s**3 - 2*s**2 - 3*s + 1. Is m(k) prime?
False
Suppose -7*j + 54 + 30 = 0. Suppose 16*c = j*c + 33244. Is c prime?
True
Suppose 5*b = 96 + 219. Let y = b + 96. Is y a prime number?
False
Let v = -375 - 592. Suppose 0 = h - 1, 105 = -4*k - 4*h + 5773. Let q = v + k. Is q prime?
True
Let q(w) = -1321*w - 839. Is q(-42) prime?
False
Suppose -6*n + 44 = -2*n. Suppose 0 = 18*o + 118 - 244. Suppose n*t = o*t + 664. Is t a composite number?
True
Let k be (-7 - 0) + (-2 - -90079). Suppose 18*l - k = 59492. Is l composite?
True
Suppose 0*a + 11420 = 4*a. Let b = -1206 - -1210. Suppose 0*h + 7055 = 5*h + b*v, 0 = -2*h + 5*v + a. Is h a composite number?
True
Suppose -2*l - 623 = -617. Let m(s) = 273*s**2 - 7*s - 11. Is m(l) composite?
False
Suppose 3*t = -0*t + 27. Suppose 0 = -3*c - 3*d + 11340, -5*c + t*c = -2*d + 15114. Suppose c = 3*s - 0*s + 3*g, 3*g = -6. Is s a composite number?
True
Let p be 9/2 - ((-9)/6 + 2). Suppose -2*d = -p*h - 7*d + 7019, 1781 = h - 4*d. Is (5/((-60)/h))/(3/(-12)) composite?
False
Suppose -22*z = -1832 - 588. Suppose 2*k + k - 477 = 0. Let t = k - z. Is t a prime number?
False
Suppose -j = 3*g - 5, -3*j - 6*g + 7*g = -15. Suppose 5*s - 6557 = u - 33901, 54673 = 2*u - j*s. Is u composite?
F